{"id":9,"date":"2025-11-17T17:47:06","date_gmt":"2025-11-17T16:47:06","guid":{"rendered":"http:\/\/www.dm-boutique.fr\/?page_id=9"},"modified":"2025-12-02T12:51:17","modified_gmt":"2025-12-02T11:51:17","slug":"panier","status":"publish","type":"page","link":"https:\/\/www.dm-boutique.fr\/?page_id=9","title":{"rendered":"Panier"},"content":{"rendered":"\n<div data-block-name=\"woocommerce\/cart\" class=\"wp-block-woocommerce-cart alignwide is-loading\">\n<div data-block-name=\"woocommerce\/filled-cart-block\" class=\"wp-block-woocommerce-filled-cart-block\">\n<div data-block-name=\"woocommerce\/cart-items-block\" class=\"wp-block-woocommerce-cart-items-block\">\n<div data-block-name=\"woocommerce\/cart-line-items-block\" class=\"wp-block-woocommerce-cart-line-items-block\"><\/div>\n\n\n<\/div>\n\n\n\n\n<div data-block-name=\"woocommerce\/cart-totals-block\" class=\"wp-block-woocommerce-cart-totals-block\">\n<div data-block-name=\"woocommerce\/cart-order-summary-block\" class=\"wp-block-woocommerce-cart-order-summary-block\">\n<div data-block-name=\"woocommerce\/cart-order-summary-heading-block\" class=\"wp-block-woocommerce-cart-order-summary-heading-block\"><\/div><div data-block-name=\"woocommerce\/cart-order-summary-coupon-form-block\" class=\"wp-block-woocommerce-cart-order-summary-coupon-form-block\"><\/div><div data-block-name=\"woocommerce\/cart-order-summary-totals-block\" class=\"wp-block-woocommerce-cart-order-summary-totals-block\">\n<div data-block-name=\"woocommerce\/cart-order-summary-subtotal-block\" class=\"wp-block-woocommerce-cart-order-summary-subtotal-block\"><\/div>\n<div data-block-name=\"woocommerce\/cart-order-summary-discount-block\" class=\"wp-block-woocommerce-cart-order-summary-discount-block\"><\/div>\n<div data-block-name=\"woocommerce\/cart-order-summary-fee-block\" class=\"wp-block-woocommerce-cart-order-summary-fee-block\"><\/div>\n<div data-block-name=\"woocommerce\/cart-order-summary-shipping-block\" class=\"wp-block-woocommerce-cart-order-summary-shipping-block\"><\/div>\n<div data-block-name=\"woocommerce\/cart-order-summary-taxes-block\" class=\"wp-block-woocommerce-cart-order-summary-taxes-block\"><\/div><\/div>\n<\/div>\n\n\n\n<div data-block-name=\"woocommerce\/cart-express-payment-block\" class=\"wp-block-woocommerce-cart-express-payment-block\"><\/div>\n\n\n\n<div data-block-name=\"woocommerce\/proceed-to-checkout-block\" class=\"wp-block-woocommerce-proceed-to-checkout-block\"><\/div>\n\n\n\n<div data-block-name=\"woocommerce\/cart-accepted-payment-methods-block\" class=\"wp-block-woocommerce-cart-accepted-payment-methods-block\"><\/div>\n<\/div>\n<\/div>\n\n\n\n<div data-block-name=\"woocommerce\/empty-cart-block\" class=\"wp-block-woocommerce-empty-cart-block\">\n<h2 class=\"wp-block-heading has-text-align-center with-empty-cart-icon wc-block-cart__empty-cart__title\">Votre panier est actuellement vide\u00a0!<\/h2>\n\n\n\n<hr class=\"wp-block-separator has-alpha-channel-opacity is-style-dots\"\/>\n\n\n\n<h2 class=\"wp-block-heading has-text-align-center\">Nouveau dans la boutique<\/h2>\n\n\n<div data-block-name=\"woocommerce\/product-new\" data-columns=\"4\" data-rows=\"1\" class=\"wc-block-grid wp-block-product-new wp-block-woocommerce-product-new wc-block-product-new has-4-columns\"><ul class=\"wc-block-grid__products\"><li class=\"wc-block-grid__product\">\n\t\t\t\t<a href=\"https:\/\/www.dm-boutique.fr\/?product=blouson-sans-manches-instructor-xmf-90-gris-beton\" class=\"wc-block-grid__product-link\">\n\t\t\t\t\t\n\t\t\t\t\t<div class=\"wc-block-grid__product-image\"><img fetchpriority=\"high\" decoding=\"async\" width=\"300\" height=\"300\" src=\"https:\/\/www.dm-boutique.fr\/wp-content\/uploads\/2026\/03\/01.201816v1-300x300.jpg\" class=\"attachment-woocommerce_thumbnail size-woocommerce_thumbnail\" alt=\"Blouson sans manches INSTRUCTOR XMF 90 gris b\u00e9ton\" srcset=\"https:\/\/www.dm-boutique.fr\/wp-content\/uploads\/2026\/03\/01.201816v1-300x300.jpg 300w, https:\/\/www.dm-boutique.fr\/wp-content\/uploads\/2026\/03\/01.201816v1-150x150.jpg 150w, https:\/\/www.dm-boutique.fr\/wp-content\/uploads\/2026\/03\/01.201816v1-768x768.jpg 768w, https:\/\/www.dm-boutique.fr\/wp-content\/uploads\/2026\/03\/01.201816v1-400x400.jpg 400w, https:\/\/www.dm-boutique.fr\/wp-content\/uploads\/2026\/03\/01.201816v1-600x600.jpg 600w, https:\/\/www.dm-boutique.fr\/wp-content\/uploads\/2026\/03\/01.201816v1-100x100.jpg 100w, https:\/\/www.dm-boutique.fr\/wp-content\/uploads\/2026\/03\/01.201816v1-50x50.jpg 50w, https:\/\/www.dm-boutique.fr\/wp-content\/uploads\/2026\/03\/01.201816v1-460x460.jpg 460w, https:\/\/www.dm-boutique.fr\/wp-content\/uploads\/2026\/03\/01.201816v1.jpg 1000w\" sizes=\"(max-width: 300px) 100vw, 300px\" \/><\/div>\n\t\t\t\t\t<div class=\"wc-block-grid__product-title\">Blouson sans manches INSTRUCTOR XMF 90 gris b\u00e9ton<\/div>\n\t\t\t\t<\/a>\n\t\t\t\t<div class=\"wc-block-grid__product-price price\"><span class=\"woocommerce-Price-amount amount\">83.46<span class=\"woocommerce-Price-currencySymbol\">&euro;<\/span><\/span><\/div>\n\t\t\t\t\n\t\t\t\t<div class=\"wp-block-button wc-block-grid__product-add-to-cart\"><a href=\"https:\/\/www.dm-boutique.fr\/?product=blouson-sans-manches-instructor-xmf-90-gris-beton\" aria-label=\"S\u00e9lectionner les options pour &ldquo;Blouson sans manches INSTRUCTOR XMF 90 gris b\u00e9ton&rdquo;\" data-quantity=\"1\" data-product_id=\"9367\" data-product_sku=\"01.203816\" data-price=\"83.46\" rel=\"nofollow\" class=\"wp-block-button__link  add_to_cart_button\">Choix des options<\/a><\/div>\n\t\t\t<\/li><li class=\"wc-block-grid__product\">\n\t\t\t\t<a href=\"https:\/\/www.dm-boutique.fr\/?product=kit-rechaud-tac-boil-1-l\" class=\"wc-block-grid__product-link\">\n\t\t\t\t\t\n\t\t\t\t\t<div class=\"wc-block-grid__product-image\"><img decoding=\"async\" width=\"300\" height=\"300\" src=\"https:\/\/www.dm-boutique.fr\/wp-content\/uploads\/2026\/03\/01.202145v1-300x300.jpg\" class=\"attachment-woocommerce_thumbnail size-woocommerce_thumbnail\" alt=\"Kit r\u00e9chaud TAC-BOIL 1 L\" srcset=\"https:\/\/www.dm-boutique.fr\/wp-content\/uploads\/2026\/03\/01.202145v1-300x300.jpg 300w, https:\/\/www.dm-boutique.fr\/wp-content\/uploads\/2026\/03\/01.202145v1-150x150.jpg 150w, https:\/\/www.dm-boutique.fr\/wp-content\/uploads\/2026\/03\/01.202145v1-768x768.jpg 768w, https:\/\/www.dm-boutique.fr\/wp-content\/uploads\/2026\/03\/01.202145v1-400x400.jpg 400w, https:\/\/www.dm-boutique.fr\/wp-content\/uploads\/2026\/03\/01.202145v1-600x600.jpg 600w, https:\/\/www.dm-boutique.fr\/wp-content\/uploads\/2026\/03\/01.202145v1-100x100.jpg 100w, https:\/\/www.dm-boutique.fr\/wp-content\/uploads\/2026\/03\/01.202145v1-50x50.jpg 50w, https:\/\/www.dm-boutique.fr\/wp-content\/uploads\/2026\/03\/01.202145v1-460x460.jpg 460w, https:\/\/www.dm-boutique.fr\/wp-content\/uploads\/2026\/03\/01.202145v1.jpg 1000w\" sizes=\"(max-width: 300px) 100vw, 300px\" \/><\/div>\n\t\t\t\t\t<div class=\"wc-block-grid__product-title\">Kit r\u00e9chaud TAC-BOIL 1 L<\/div>\n\t\t\t\t<\/a>\n\t\t\t\t<div class=\"wc-block-grid__product-price price\"><span class=\"woocommerce-Price-amount amount\">81.50<span class=\"woocommerce-Price-currencySymbol\">&euro;<\/span><\/span><\/div>\n\t\t\t\t\n\t\t\t\t<div class=\"wp-block-button wc-block-grid__product-add-to-cart\"><a href=\"\/index.php?rest_route=%2Fwp%2Fv2%2Fpages%2F9&#038;add-to-cart=9361\" aria-label=\"Ajouter au panier\u00a0: &ldquo;Kit r\u00e9chaud TAC-BOIL 1 L&rdquo;\" data-quantity=\"1\" data-product_id=\"9361\" data-product_sku=\"01.202145\" data-price=\"81.5\" rel=\"nofollow\" class=\"wp-block-button__link  add_to_cart_button ajax_add_to_cart\">Ajouter au panier<\/a><\/div>\n\t\t\t<\/li><li class=\"wc-block-grid__product\">\n\t\t\t\t<a href=\"https:\/\/www.dm-boutique.fr\/?product=sac-de-transport-a-roulettes-transall-120-l-noir\" class=\"wc-block-grid__product-link\">\n\t\t\t\t\t\n\t\t\t\t\t<div class=\"wc-block-grid__product-image\"><img decoding=\"async\" width=\"300\" height=\"300\" src=\"https:\/\/www.dm-boutique.fr\/wp-content\/uploads\/2026\/03\/01.072207v1-300x300.jpg\" class=\"attachment-woocommerce_thumbnail size-woocommerce_thumbnail\" alt=\"Sac de transport \u00e0 roulettes TRANSALL 120 L noir\" srcset=\"https:\/\/www.dm-boutique.fr\/wp-content\/uploads\/2026\/03\/01.072207v1-300x300.jpg 300w, https:\/\/www.dm-boutique.fr\/wp-content\/uploads\/2026\/03\/01.072207v1-150x150.jpg 150w, https:\/\/www.dm-boutique.fr\/wp-content\/uploads\/2026\/03\/01.072207v1-768x768.jpg 768w, https:\/\/www.dm-boutique.fr\/wp-content\/uploads\/2026\/03\/01.072207v1-400x400.jpg 400w, https:\/\/www.dm-boutique.fr\/wp-content\/uploads\/2026\/03\/01.072207v1-600x600.jpg 600w, https:\/\/www.dm-boutique.fr\/wp-content\/uploads\/2026\/03\/01.072207v1-100x100.jpg 100w, https:\/\/www.dm-boutique.fr\/wp-content\/uploads\/2026\/03\/01.072207v1-50x50.jpg 50w, https:\/\/www.dm-boutique.fr\/wp-content\/uploads\/2026\/03\/01.072207v1-460x460.jpg 460w, https:\/\/www.dm-boutique.fr\/wp-content\/uploads\/2026\/03\/01.072207v1.jpg 1000w\" sizes=\"(max-width: 300px) 100vw, 300px\" \/><\/div>\n\t\t\t\t\t<div class=\"wc-block-grid__product-title\">Sac de transport \u00e0 roulettes TRANSALL 120 L noir<\/div>\n\t\t\t\t<\/a>\n\t\t\t\t<div class=\"wc-block-grid__product-price price\"><span class=\"woocommerce-Price-amount amount\">156.10<span class=\"woocommerce-Price-currencySymbol\">&euro;<\/span><\/span><\/div>\n\t\t\t\t\n\t\t\t\t<div class=\"wp-block-button wc-block-grid__product-add-to-cart\"><a href=\"\/index.php?rest_route=%2Fwp%2Fv2%2Fpages%2F9&#038;add-to-cart=9354\" aria-label=\"Ajouter au panier\u00a0: &ldquo;Sac de transport \u00e0 roulettes TRANSALL 120 L noir&rdquo;\" data-quantity=\"1\" data-product_id=\"9354\" data-product_sku=\"01.072207\" data-price=\"156.1\" rel=\"nofollow\" class=\"wp-block-button__link  add_to_cart_button ajax_add_to_cart\">Ajouter au panier<\/a><\/div>\n\t\t\t<\/li><li class=\"wc-block-grid__product\">\n\t\t\t\t<a href=\"https:\/\/www.dm-boutique.fr\/?product=porte-aerosol-100-ml-avec-poignee-secu-one-noir\" class=\"wc-block-grid__product-link\">\n\t\t\t\t\t\n\t\t\t\t\t<div class=\"wc-block-grid__product-image\"><img loading=\"lazy\" decoding=\"async\" width=\"300\" height=\"300\" src=\"https:\/\/www.dm-boutique.fr\/wp-content\/uploads\/2026\/03\/01.208023v1-300x300.jpg\" class=\"attachment-woocommerce_thumbnail size-woocommerce_thumbnail\" alt=\"Porte-a\u00e9rosol 100 ml avec poign\u00e9e S\u00c9CU-ONE noir\" srcset=\"https:\/\/www.dm-boutique.fr\/wp-content\/uploads\/2026\/03\/01.208023v1-300x300.jpg 300w, https:\/\/www.dm-boutique.fr\/wp-content\/uploads\/2026\/03\/01.208023v1-150x150.jpg 150w, https:\/\/www.dm-boutique.fr\/wp-content\/uploads\/2026\/03\/01.208023v1-768x768.jpg 768w, https:\/\/www.dm-boutique.fr\/wp-content\/uploads\/2026\/03\/01.208023v1-400x400.jpg 400w, https:\/\/www.dm-boutique.fr\/wp-content\/uploads\/2026\/03\/01.208023v1-600x600.jpg 600w, https:\/\/www.dm-boutique.fr\/wp-content\/uploads\/2026\/03\/01.208023v1-100x100.jpg 100w, https:\/\/www.dm-boutique.fr\/wp-content\/uploads\/2026\/03\/01.208023v1-50x50.jpg 50w, https:\/\/www.dm-boutique.fr\/wp-content\/uploads\/2026\/03\/01.208023v1-460x460.jpg 460w, https:\/\/www.dm-boutique.fr\/wp-content\/uploads\/2026\/03\/01.208023v1.jpg 1000w\" sizes=\"(max-width: 300px) 100vw, 300px\" \/><\/div>\n\t\t\t\t\t<div class=\"wc-block-grid__product-title\">Porte-a\u00e9rosol 100 ml avec poign\u00e9e S\u00c9CU-ONE noir<\/div>\n\t\t\t\t<\/a>\n\t\t\t\t<div class=\"wc-block-grid__product-price price\"><span class=\"woocommerce-Price-amount amount\">15.70<span class=\"woocommerce-Price-currencySymbol\">&euro;<\/span><\/span><\/div>\n\t\t\t\t\n\t\t\t\t<div class=\"wp-block-button wc-block-grid__product-add-to-cart\"><a href=\"\/index.php?rest_route=%2Fwp%2Fv2%2Fpages%2F9&#038;add-to-cart=9350\" aria-label=\"Ajouter au panier\u00a0: &ldquo;Porte-a\u00e9rosol 100 ml avec poign\u00e9e S\u00c9CU-ONE noir&rdquo;\" data-quantity=\"1\" data-product_id=\"9350\" data-product_sku=\"01.208023\" data-price=\"15.7\" rel=\"nofollow\" class=\"wp-block-button__link  add_to_cart_button ajax_add_to_cart\">Ajouter au panier<\/a><\/div>\n\t\t\t<\/li><\/ul><\/div><\/div>\n<\/div>\n","protected":false},"excerpt":{"rendered":"","protected":false},"author":1,"featured_media":0,"parent":0,"menu_order":0,"comment_status":"closed","ping_status":"closed","template":"","meta":{"footnotes":""},"class_list":["post-9","page","type-page","status-publish","hentry"],"_links":{"self":[{"href":"https:\/\/www.dm-boutique.fr\/index.php?rest_route=\/wp\/v2\/pages\/9","targetHints":{"allow":["GET"]}}],"collection":[{"href":"https:\/\/www.dm-boutique.fr\/index.php?rest_route=\/wp\/v2\/pages"}],"about":[{"href":"https:\/\/www.dm-boutique.fr\/index.php?rest_route=\/wp\/v2\/types\/page"}],"author":[{"embeddable":true,"href":"https:\/\/www.dm-boutique.fr\/index.php?rest_route=\/wp\/v2\/users\/1"}],"replies":[{"embeddable":true,"href":"https:\/\/www.dm-boutique.fr\/index.php?rest_route=%2Fwp%2Fv2%2Fcomments&post=9"}],"version-history":[{"count":2,"href":"https:\/\/www.dm-boutique.fr\/index.php?rest_route=\/wp\/v2\/pages\/9\/revisions"}],"predecessor-version":[{"id":8579,"href":"https:\/\/www.dm-boutique.fr\/index.php?rest_route=\/wp\/v2\/pages\/9\/revisions\/8579"}],"wp:attachment":[{"href":"https:\/\/www.dm-boutique.fr\/index.php?rest_route=%2Fwp%2Fv2%2Fmedia&parent=9"}],"curies":[{"name":"wp","href":"https:\/\/api.w.org\/{rel}","templated":true}]}}