{"id":8227,"date":"2025-11-19T13:48:06","date_gmt":"2025-11-19T12:48:06","guid":{"rendered":"http:\/\/www.dm-boutique.fr\/?post_type=product&#038;p=8227"},"modified":"2025-11-20T15:50:15","modified_gmt":"2025-11-20T14:50:15","slug":"chaussures-secu-one-6-tcp-noir","status":"publish","type":"product","link":"https:\/\/www.dm-boutique.fr\/?product=chaussures-secu-one-6-tcp-noir","title":{"rendered":"Chaussures S\u00c9CU-ONE 6&Prime; TCP noir"},"content":{"rendered":"<div id=\"description\" class=\"product-description\">\n<div class=\"title\">DESCRIPTION DU PRODUIT<\/div>\n<div class=\"content std\">\n<p>Parce que chaque homme de terrain est au c\u0153ur de ses pr\u00e9occupations, A10 Equipment propose une collection compl\u00e8te de v\u00eatements, chaussures et accessoires d\u00e9di\u00e9e aux m\u00e9tiers de la S\u00e9curit\u00e9 Priv\u00e9e ; construite autour de 4 axes, r\u00e9sistance, ergonomie, fonctionnalit\u00e9 et technicit\u00e9, la gamme S\u00c9CU-ONE offre le meilleur sans faire de concessions.<\/p>\n<p>La chaussure S\u00c9CU-ONE 6&Prime; TCP poss\u00e8de une semelle ext\u00e9rieure GRIP-URBAN et une semelle int\u00e9rieure ERGO-SOFT con\u00e7ues pour vous apporter une adh\u00e9rence et un confort optimal. Ce mod\u00e8le est \u00e9galement \u00e9quip\u00e9 d&rsquo;une coque de protection TOE CAP PROTECT en composite avec bord en silicone. La conception et le design unique de la chaussure S\u00c9CU-ONE en font un indispensable pour tous les professionnels de l&rsquo;intervention.<\/p>\n<\/div>\n<\/div>\n<div id=\"fiche-technique\" class=\"product-description\">\n<div class=\"title\">FICHE TECHNIQUE<\/div>\n<div class=\"content std\">SEMELLE EXT\u00c9RIEURE :<br \/>\n&#8211; technologie GRIP-URBAN avec semelle crant\u00e9e offrant une adh\u00e9rence et une stabilit\u00e9 optimales<br \/>\n&#8211; renfort frontal<br \/>\n&#8211; talons avec amortisseurs de chocs<br \/>\n&#8211; semelle antid\u00e9rapante et r\u00e9sistante aux hydrocarbures selon la norme ISO<br \/>\n&#8211; semelle ext\u00e9rieure en caoutchoucSEMELLE INT\u00c9RIEURE :<br \/>\n&#8211; technologie ERGO-SOFT avec semelle \u00e0 m\u00e9moire de forme<br \/>\n&#8211; maintien de la vo\u00fbte plantaire<br \/>\n&#8211; absorption des chocs<br \/>\n&#8211; thermor\u00e9gulation via un syst\u00e8me alv\u00e9ol\u00e9<br \/>\n&#8211; \u00e9vacuation de l&rsquo;humidit\u00e9<br \/>\n&#8211; efficace contre les mauvaises odeurs<br \/>\n&#8211; semelle amovible int\u00e9rieure en mousse EVA<br \/>\n&#8211; doublure 100% meshCONSTRUCTION :<br \/>\n&#8211; ext\u00e9rieur en tissu polyester HRF 1000D hautement r\u00e9sistant<br \/>\n&#8211; doublure int\u00e9rieure 100% mesh matelass\u00e9e<br \/>\n&#8211; talons renforc\u00e9s<br \/>\n&#8211; chaussures amagn\u00e9tiques<\/p>\n<p>PROTECTION :<br \/>\n&#8211; coque de protection TOE CAP PROTECT en composite selon la norme ISO<br \/>\n&#8211; jointure de la coque avec bande silicone pour un confort optimal<\/p>\n<p>NORMES : EN ISO 20345 : 2022 SB FO E<br \/>\nLa d\u00e9claration de conformit\u00e9 de cet article peut \u00eatre consult\u00e9e\/t\u00e9l\u00e9charg\u00e9e en cliquant sur ce <a title=\"D\u00e9claration de confirmit\u00e9 de la chaussure\" href=\"https:\/\/www.a10-equipment.com\/pdf\/Declaration-de-conformite_01.057713.pdf\" target=\"_blank\" rel=\"noopener\">lien<\/a>.<\/p>\n<p>COMPOSITION :<br \/>\n&#8211; tige de 15 cm : polyester HRF 1000D avec empi\u00e8cements en TPU<br \/>\n&#8211; doublure int\u00e9rieure : 100% mesh<br \/>\n&#8211; coque : composite<\/p>\n<p>POIDS : 600 g la chaussure en 43<\/p>\n<p>COLORIS : noir<\/p>\n<p>POINTURES : du 35 au 50<\/p>\n<p>D\u00c9CLINAISONS : \u00e9galement disponible en version non coqu\u00e9e (01.057712)<\/p>\n<p>CONSEILS D&rsquo;ENTRETIEN : brosser et nettoyer la chaussure avec un chiffon humide ; laisser s\u00e9cher dans une pi\u00e8ce \u00e0 temp\u00e9rature ambiante ; cirer avec un cirage adapt\u00e9<\/p>\n<\/div>\n<\/div>\n","protected":false},"excerpt":{"rendered":"<p>DESCRIPTION DU PRODUIT Parce que chaque homme de terrain est au c\u0153ur de ses pr\u00e9occupations, A10 Equipment propose une collection compl\u00e8te de v\u00eatements, chaussures et accessoires d\u00e9di\u00e9e aux m\u00e9tiers de la S\u00e9curit\u00e9 Priv\u00e9e ; construite autour de 4 axes, r\u00e9sistance, ergonomie, fonctionnalit\u00e9 et technicit\u00e9, la gamme S\u00c9CU-ONE offre le meilleur sans faire de concessions. La [&hellip;]<\/p>\n","protected":false},"featured_media":8228,"template":"","meta":[],"product_brand":[],"product_cat":[195,198,150,151],"product_tag":[],"class_list":{"0":"post-8227","1":"product","2":"type-product","3":"status-publish","4":"has-post-thumbnail","6":"product_cat-chaussures-sp","7":"product_cat-chaussures-inc","8":"product_cat-securite-incendie","9":"product_cat-securite-privee","11":"first","12":"instock","13":"taxable","14":"shipping-taxable","15":"purchasable","16":"product-type-variable"},"_links":{"self":[{"href":"https:\/\/www.dm-boutique.fr\/index.php?rest_route=\/wp\/v2\/product\/8227","targetHints":{"allow":["GET"]}}],"collection":[{"href":"https:\/\/www.dm-boutique.fr\/index.php?rest_route=\/wp\/v2\/product"}],"about":[{"href":"https:\/\/www.dm-boutique.fr\/index.php?rest_route=\/wp\/v2\/types\/product"}],"version-history":[{"count":0,"href":"https:\/\/www.dm-boutique.fr\/index.php?rest_route=\/wp\/v2\/product\/8227\/revisions"}],"wp:featuredmedia":[{"embeddable":true,"href":"https:\/\/www.dm-boutique.fr\/index.php?rest_route=\/wp\/v2\/media\/8228"}],"wp:attachment":[{"href":"https:\/\/www.dm-boutique.fr\/index.php?rest_route=%2Fwp%2Fv2%2Fmedia&parent=8227"}],"wp:term":[{"taxonomy":"product_brand","embeddable":true,"href":"https:\/\/www.dm-boutique.fr\/index.php?rest_route=%2Fwp%2Fv2%2Fproduct_brand&post=8227"},{"taxonomy":"product_cat","embeddable":true,"href":"https:\/\/www.dm-boutique.fr\/index.php?rest_route=%2Fwp%2Fv2%2Fproduct_cat&post=8227"},{"taxonomy":"product_tag","embeddable":true,"href":"https:\/\/www.dm-boutique.fr\/index.php?rest_route=%2Fwp%2Fv2%2Fproduct_tag&post=8227"}],"curies":[{"name":"wp","href":"https:\/\/api.w.org\/{rel}","templated":true}]}}