{"id":9064,"date":"2025-12-20T08:13:25","date_gmt":"2025-12-20T07:13:25","guid":{"rendered":"https:\/\/www.dm-boutique.fr\/?post_type=product&#038;p=9064"},"modified":"2025-12-20T08:13:25","modified_gmt":"2025-12-20T07:13:25","slug":"veste-softshell-instructor-noir","status":"publish","type":"product","link":"https:\/\/www.dm-boutique.fr\/?product=veste-softshell-instructor-noir","title":{"rendered":"Veste Softshell INSTRUCTOR noir"},"content":{"rendered":"<div id=\"description\" class=\"product-description\">\n<div class=\"title\">DESCRIPTION DU PRODUIT<\/div>\n<div class=\"content std\">La gamme INSTRUCTOR reprend les codes de l&rsquo;\u00e9quipement des forces op\u00e9rationnelles pour les adapter \u00e0 vos missions quotidiennes. Nous avons concentr\u00e9 dans cette collection tout le savoir-faire de la marque A10 EQUIPMENT\u00ae pour vous offrir des v\u00eatements associant 3 crit\u00e8res : fonctionnalit\u00e9, r\u00e9sistance, confort. L&rsquo;objectif de la collection INSTRUCTOR, vous garantir des performances optimales quel que soit le milieu dans lequel vous \u00e9voluez. Adoptez le style \u00ab\u00a0low profile\u00a0\u00bb !<\/p>\n<p>La veste softshell INSTRUCTOR est polyvalente ; par sa technologie SOFT-SHELL 3 LAYERS, elle est imperm\u00e9able, respirante et coupe-vent. Sa doublure polaire assure un confort thermique et sa coupe stretch permet une totale libert\u00e9 de mouvement.<\/p><\/div>\n<\/div>\n<div id=\"fiche-technique\" class=\"product-description\">\n<div class=\"title\">FICHE TECHNIQUE<\/div>\n<div class=\"content std\">PROTECTION :<br \/>\n&#8211; technologie SOFT-SHELL 3 couches<br \/>\n&#8211; membrane X-PERF 3000\/3000 mm imperm\u00e9able et respirante<br \/>\n&#8211; traitement d\u00e9perlant DWR-TECH<br \/>\n&#8211; coupe-vent WIND-PROTECT<br \/>\n&#8211; doublure polaire FLEECE-TECH<\/p>\n<p>R\u00c9SISTANCE :<br \/>\n&#8211; tissu RIPSTOP 5.0<br \/>\n&#8211; coutures principales double piq\u00fbres<\/p>\n<p>ERGONOMIE :<br \/>\n&#8211; coupe ergonomique<br \/>\n&#8211; manches raglan<br \/>\n&#8211; tissu stretch X-MOVE 360\u00b0<br \/>\n&#8211; fermeture centrale zipp\u00e9e avec rabat int\u00e9rieur<br \/>\n&#8211; capuche r\u00e9glable et doubl\u00e9e polaire FLEECE-TECH<br \/>\n&#8211; col montant et doubl\u00e9 polaire FLEECE-TECH<br \/>\n&#8211; taille r\u00e9glable par \u00e9lastique<br \/>\n&#8211; poignets \u00e9lastiqu\u00e9s<\/p>\n<p>FONCTIONNALIT\u00c9 :<br \/>\n&#8211; 2 poches taille plaqu\u00e9es zipp\u00e9es et doubl\u00e9es polaire FLEECE-TECH<br \/>\n&#8211; velcro sur chaque bras<br \/>\n&#8211; 2 poches int\u00e9rieures avec fermeture par velcro<br \/>\n&#8211; label d&rsquo;identification<\/p>\n<p>TECHNICIT\u00c9 : traitement mati\u00e8re TEFLON<\/p>\n<p>COMPOSITION :<br \/>\n&#8211; 100% polyester<br \/>\n&#8211; tissu certifi\u00e9 Oeko-Tex Standard 100<\/p>\n<p>COLORIS : noir<\/p>\n<p>TAILLES : du XS au 3XL<\/p>\n<p>CONSEILS D&rsquo;ENTRETIEN : lavage \u00e0 30\u00b0<\/p><\/div>\n<\/div>\n","protected":false},"excerpt":{"rendered":"<p>DESCRIPTION DU PRODUIT La gamme INSTRUCTOR reprend les codes de l&rsquo;\u00e9quipement des forces op\u00e9rationnelles pour les adapter \u00e0 vos missions quotidiennes. Nous avons concentr\u00e9 dans cette collection tout le savoir-faire de la marque A10 EQUIPMENT\u00ae pour vous offrir des v\u00eatements associant 3 crit\u00e8res : fonctionnalit\u00e9, r\u00e9sistance, confort. L&rsquo;objectif de la collection INSTRUCTOR, vous garantir des [&hellip;]<\/p>\n","protected":false},"featured_media":9073,"template":"","meta":[],"product_brand":[],"product_cat":[201],"product_tag":[],"class_list":{"0":"post-9064","1":"product","2":"type-product","3":"status-publish","4":"has-post-thumbnail","6":"product_cat-classique","8":"first","9":"instock","10":"taxable","11":"shipping-taxable","12":"purchasable","13":"product-type-variable"},"_links":{"self":[{"href":"https:\/\/www.dm-boutique.fr\/index.php?rest_route=\/wp\/v2\/product\/9064","targetHints":{"allow":["GET"]}}],"collection":[{"href":"https:\/\/www.dm-boutique.fr\/index.php?rest_route=\/wp\/v2\/product"}],"about":[{"href":"https:\/\/www.dm-boutique.fr\/index.php?rest_route=\/wp\/v2\/types\/product"}],"version-history":[{"count":1,"href":"https:\/\/www.dm-boutique.fr\/index.php?rest_route=\/wp\/v2\/product\/9064\/revisions"}],"predecessor-version":[{"id":9077,"href":"https:\/\/www.dm-boutique.fr\/index.php?rest_route=\/wp\/v2\/product\/9064\/revisions\/9077"}],"wp:featuredmedia":[{"embeddable":true,"href":"https:\/\/www.dm-boutique.fr\/index.php?rest_route=\/wp\/v2\/media\/9073"}],"wp:attachment":[{"href":"https:\/\/www.dm-boutique.fr\/index.php?rest_route=%2Fwp%2Fv2%2Fmedia&parent=9064"}],"wp:term":[{"taxonomy":"product_brand","embeddable":true,"href":"https:\/\/www.dm-boutique.fr\/index.php?rest_route=%2Fwp%2Fv2%2Fproduct_brand&post=9064"},{"taxonomy":"product_cat","embeddable":true,"href":"https:\/\/www.dm-boutique.fr\/index.php?rest_route=%2Fwp%2Fv2%2Fproduct_cat&post=9064"},{"taxonomy":"product_tag","embeddable":true,"href":"https:\/\/www.dm-boutique.fr\/index.php?rest_route=%2Fwp%2Fv2%2Fproduct_tag&post=9064"}],"curies":[{"name":"wp","href":"https:\/\/api.w.org\/{rel}","templated":true}]}}