{"id":9207,"date":"2026-02-05T13:40:51","date_gmt":"2026-02-05T12:40:51","guid":{"rendered":"https:\/\/www.dm-boutique.fr\/?post_type=product&#038;p=9207"},"modified":"2026-02-05T13:40:51","modified_gmt":"2026-02-05T12:40:51","slug":"sac-de-transport-transall-90-l-noir","status":"publish","type":"product","link":"https:\/\/www.dm-boutique.fr\/?product=sac-de-transport-transall-90-l-noir","title":{"rendered":"Sac de transport TRANSALL 90 L noir"},"content":{"rendered":"<div class=\"title\">FICHE TECHNIQUE<\/div>\n<div class=\"content std\">R\u00c9SISTANCE :<br \/>\n&#8211; tissu polyester oxford HRF 600D hautement r\u00e9sistant \u00e0 la traction et \u00e0 l&rsquo;abrasion<br \/>\n&#8211; traitement d\u00e9perlant DWR-TECH<br \/>\n&#8211; zips YKK\u00ae<br \/>\n&#8211; fond du sac renforc\u00e9<\/p>\n<p>ERGONOMIE :<br \/>\n&#8211; 2 options de portage : \u00e0 main ou en sac \u00e0 dos<br \/>\n&#8211; 2 anses sur le dessus rembourr\u00e9es avec fermeture velcro ; 2 poign\u00e9es lat\u00e9rales<br \/>\n&#8211; bretelles r\u00e9glables et rembourr\u00e9es (pouvant se ranger dans un compartiment sp\u00e9cifique lors du portage \u00e0 main) ; sangle pectorale r\u00e9glable<br \/>\n&#8211; dos rembourr\u00e9<\/p>\n<p>FONCTIONNALIT\u00c9 :<br \/>\n&#8211; contenance : 90 litres<br \/>\n&#8211; grand compartiment central avec fermeture par zip et curseur sp\u00e9cial cadenas<br \/>\n&#8211; 4 poches ext\u00e9rieures zipp\u00e9es<br \/>\n&#8211; 2 poches lat\u00e9rales zipp\u00e9es dont une pour chaussures<br \/>\n&#8211; 3 poches int\u00e9rieures zipp\u00e9es en mesh<br \/>\n&#8211; velcro ext\u00e9rieur \u00e0 personnaliser<br \/>\n&#8211; \u00e9tiquette bagage incluse \u00e0 compl\u00e9ter au dos avec les informations personnelles<\/p>\n<p>COMPOSITION :<br \/>\n&#8211; 100% polyester<br \/>\n&#8211; tissu certifi\u00e9 Oeko-Tex Standard 100<\/p>\n<p>DIMENSIONS : L. 71 x P. 35 x H. 36 cm<\/p>\n<p>POIDS : 1,8 kg<\/p>\n<p>COLORIS : noir<\/p>\n<p>GARANTIE : 1 an<\/p>\n<p>CONSEILS D\u2019ENTRETIEN : brosser et nettoyer le tissu avec un chiffon et du savon ; s\u00e9cher loin d\u2019une source de chaleur ; ne pas laver en machine<\/p><\/div>\n","protected":false},"excerpt":{"rendered":"<p>FICHE TECHNIQUE R\u00c9SISTANCE : &#8211; tissu polyester oxford HRF 600D hautement r\u00e9sistant \u00e0 la traction et \u00e0 l&rsquo;abrasion &#8211; traitement d\u00e9perlant DWR-TECH &#8211; zips YKK\u00ae &#8211; fond du sac renforc\u00e9 ERGONOMIE : &#8211; 2 options de portage : \u00e0 main ou en sac \u00e0 dos &#8211; 2 anses sur le dessus rembourr\u00e9es avec fermeture velcro [&hellip;]<\/p>\n","protected":false},"featured_media":9209,"template":"","meta":[],"product_brand":[],"product_cat":[204],"product_tag":[],"class_list":{"0":"post-9207","1":"product","2":"type-product","3":"status-publish","4":"has-post-thumbnail","6":"product_cat-accessoires","8":"first","9":"instock","10":"taxable","11":"shipping-taxable","12":"purchasable","13":"product-type-simple"},"_links":{"self":[{"href":"https:\/\/www.dm-boutique.fr\/index.php?rest_route=\/wp\/v2\/product\/9207","targetHints":{"allow":["GET"]}}],"collection":[{"href":"https:\/\/www.dm-boutique.fr\/index.php?rest_route=\/wp\/v2\/product"}],"about":[{"href":"https:\/\/www.dm-boutique.fr\/index.php?rest_route=\/wp\/v2\/types\/product"}],"version-history":[{"count":1,"href":"https:\/\/www.dm-boutique.fr\/index.php?rest_route=\/wp\/v2\/product\/9207\/revisions"}],"predecessor-version":[{"id":9213,"href":"https:\/\/www.dm-boutique.fr\/index.php?rest_route=\/wp\/v2\/product\/9207\/revisions\/9213"}],"wp:featuredmedia":[{"embeddable":true,"href":"https:\/\/www.dm-boutique.fr\/index.php?rest_route=\/wp\/v2\/media\/9209"}],"wp:attachment":[{"href":"https:\/\/www.dm-boutique.fr\/index.php?rest_route=%2Fwp%2Fv2%2Fmedia&parent=9207"}],"wp:term":[{"taxonomy":"product_brand","embeddable":true,"href":"https:\/\/www.dm-boutique.fr\/index.php?rest_route=%2Fwp%2Fv2%2Fproduct_brand&post=9207"},{"taxonomy":"product_cat","embeddable":true,"href":"https:\/\/www.dm-boutique.fr\/index.php?rest_route=%2Fwp%2Fv2%2Fproduct_cat&post=9207"},{"taxonomy":"product_tag","embeddable":true,"href":"https:\/\/www.dm-boutique.fr\/index.php?rest_route=%2Fwp%2Fv2%2Fproduct_tag&post=9207"}],"curies":[{"name":"wp","href":"https:\/\/api.w.org\/{rel}","templated":true}]}}