{"id":9323,"date":"2026-03-06T13:04:44","date_gmt":"2026-03-06T12:04:44","guid":{"rendered":"https:\/\/www.dm-boutique.fr\/?post_type=product&#038;p=9323"},"modified":"2026-03-06T13:38:52","modified_gmt":"2026-03-06T12:38:52","slug":"lot-dossard-bande-poitrine-secu-one-securite-privee-noir","status":"publish","type":"product","link":"https:\/\/www.dm-boutique.fr\/?product=lot-dossard-bande-poitrine-secu-one-securite-privee-noir","title":{"rendered":"Lot dossard + bande poitrine S\u00c9CU-ONE S\u00e9curit\u00e9 Priv\u00e9e noir"},"content":{"rendered":"<div class=\"title\">FICHE TECHNIQUE<\/div>\n<div class=\"content std\">FONCTIONNALIT\u00c9 :<br \/>\n&#8211; un patch bande poitrine et un patch dossard<br \/>\n&#8211; patchs en tissu<br \/>\n&#8211; impression \u00ab\u00a0S\u00c9CURIT\u00c9 PRIV\u00c9E\u00a0\u00bb blanc r\u00e9tro-r\u00e9fl\u00e9chissant<br \/>\n&#8211; fixation velcro m\u00e2leCOLORIS : noir<\/p>\n<p>DIMENSIONS :<br \/>\n&#8211; bande poitrine : L. 13 x H. 5 cm<br \/>\n&#8211; dossard : L. 30 x H. 9,5 cm<\/p>\n<\/div>\n","protected":false},"excerpt":{"rendered":"<p>FICHE TECHNIQUE FONCTIONNALIT\u00c9 : &#8211; un patch bande poitrine et un patch dossard &#8211; patchs en tissu &#8211; impression \u00ab\u00a0S\u00c9CURIT\u00c9 PRIV\u00c9E\u00a0\u00bb blanc r\u00e9tro-r\u00e9fl\u00e9chissant &#8211; fixation velcro m\u00e2leCOLORIS : noir DIMENSIONS : &#8211; bande poitrine : L. 13 x H. 5 cm &#8211; dossard : L. 30 x H. 9,5 cm<\/p>\n","protected":false},"featured_media":9324,"template":"","meta":[],"product_brand":[],"product_cat":[204],"product_tag":[],"class_list":{"0":"post-9323","1":"product","2":"type-product","3":"status-publish","4":"has-post-thumbnail","6":"product_cat-accessoires","8":"first","9":"instock","10":"taxable","11":"shipping-taxable","12":"purchasable","13":"product-type-simple"},"_links":{"self":[{"href":"https:\/\/www.dm-boutique.fr\/index.php?rest_route=\/wp\/v2\/product\/9323","targetHints":{"allow":["GET"]}}],"collection":[{"href":"https:\/\/www.dm-boutique.fr\/index.php?rest_route=\/wp\/v2\/product"}],"about":[{"href":"https:\/\/www.dm-boutique.fr\/index.php?rest_route=\/wp\/v2\/types\/product"}],"version-history":[{"count":2,"href":"https:\/\/www.dm-boutique.fr\/index.php?rest_route=\/wp\/v2\/product\/9323\/revisions"}],"predecessor-version":[{"id":9387,"href":"https:\/\/www.dm-boutique.fr\/index.php?rest_route=\/wp\/v2\/product\/9323\/revisions\/9387"}],"wp:featuredmedia":[{"embeddable":true,"href":"https:\/\/www.dm-boutique.fr\/index.php?rest_route=\/wp\/v2\/media\/9324"}],"wp:attachment":[{"href":"https:\/\/www.dm-boutique.fr\/index.php?rest_route=%2Fwp%2Fv2%2Fmedia&parent=9323"}],"wp:term":[{"taxonomy":"product_brand","embeddable":true,"href":"https:\/\/www.dm-boutique.fr\/index.php?rest_route=%2Fwp%2Fv2%2Fproduct_brand&post=9323"},{"taxonomy":"product_cat","embeddable":true,"href":"https:\/\/www.dm-boutique.fr\/index.php?rest_route=%2Fwp%2Fv2%2Fproduct_cat&post=9323"},{"taxonomy":"product_tag","embeddable":true,"href":"https:\/\/www.dm-boutique.fr\/index.php?rest_route=%2Fwp%2Fv2%2Fproduct_tag&post=9323"}],"curies":[{"name":"wp","href":"https:\/\/api.w.org\/{rel}","templated":true}]}}