{"id":9347,"date":"2026-03-06T13:17:47","date_gmt":"2026-03-06T12:17:47","guid":{"rendered":"https:\/\/www.dm-boutique.fr\/?post_type=product&#038;p=9347"},"modified":"2026-03-06T13:17:47","modified_gmt":"2026-03-06T12:17:47","slug":"porte-couteau-secu-one-taille-m-noir","status":"publish","type":"product","link":"https:\/\/www.dm-boutique.fr\/?product=porte-couteau-secu-one-taille-m-noir","title":{"rendered":"Porte-couteau S\u00c9CU-ONE taille M noir"},"content":{"rendered":"<div class=\"title\">FICHE TECHNIQUE<\/div>\n<div class=\"content std\">R\u00c9SISTANCE : tissu nylon CORDURA hautement r\u00e9sistant \u00e0 l&rsquo;abrasion<\/p>\n<p>FONCTIONNALIT\u00c9 :<br \/>\n&#8211; fermeture par bouton-pression<br \/>\n&#8211; fixation par syst\u00e8me anti-arrachement pour ceinture\/ceinturon (50 mm)<\/p>\n<p>COMPOSITION : 100% nylon<\/p>\n<p>COLORIS : noir<\/p>\n<p>DIMENSIONS : L. 5 x P. 3 x H. 14,5 cm<\/p>\n<p>Livr\u00e9 sans accessoires<\/p><\/div>\n","protected":false},"excerpt":{"rendered":"<p>FICHE TECHNIQUE R\u00c9SISTANCE : tissu nylon CORDURA hautement r\u00e9sistant \u00e0 l&rsquo;abrasion FONCTIONNALIT\u00c9 : &#8211; fermeture par bouton-pression &#8211; fixation par syst\u00e8me anti-arrachement pour ceinture\/ceinturon (50 mm) COMPOSITION : 100% nylon COLORIS : noir DIMENSIONS : L. 5 x P. 3 x H. 14,5 cm Livr\u00e9 sans accessoires<\/p>\n","protected":false},"featured_media":9348,"template":"","meta":[],"product_brand":[],"product_cat":[204],"product_tag":[],"class_list":{"0":"post-9347","1":"product","2":"type-product","3":"status-publish","4":"has-post-thumbnail","6":"product_cat-accessoires","8":"first","9":"instock","10":"taxable","11":"shipping-taxable","12":"purchasable","13":"product-type-simple"},"_links":{"self":[{"href":"https:\/\/www.dm-boutique.fr\/index.php?rest_route=\/wp\/v2\/product\/9347","targetHints":{"allow":["GET"]}}],"collection":[{"href":"https:\/\/www.dm-boutique.fr\/index.php?rest_route=\/wp\/v2\/product"}],"about":[{"href":"https:\/\/www.dm-boutique.fr\/index.php?rest_route=\/wp\/v2\/types\/product"}],"version-history":[{"count":1,"href":"https:\/\/www.dm-boutique.fr\/index.php?rest_route=\/wp\/v2\/product\/9347\/revisions"}],"predecessor-version":[{"id":9349,"href":"https:\/\/www.dm-boutique.fr\/index.php?rest_route=\/wp\/v2\/product\/9347\/revisions\/9349"}],"wp:featuredmedia":[{"embeddable":true,"href":"https:\/\/www.dm-boutique.fr\/index.php?rest_route=\/wp\/v2\/media\/9348"}],"wp:attachment":[{"href":"https:\/\/www.dm-boutique.fr\/index.php?rest_route=%2Fwp%2Fv2%2Fmedia&parent=9347"}],"wp:term":[{"taxonomy":"product_brand","embeddable":true,"href":"https:\/\/www.dm-boutique.fr\/index.php?rest_route=%2Fwp%2Fv2%2Fproduct_brand&post=9347"},{"taxonomy":"product_cat","embeddable":true,"href":"https:\/\/www.dm-boutique.fr\/index.php?rest_route=%2Fwp%2Fv2%2Fproduct_cat&post=9347"},{"taxonomy":"product_tag","embeddable":true,"href":"https:\/\/www.dm-boutique.fr\/index.php?rest_route=%2Fwp%2Fv2%2Fproduct_tag&post=9347"}],"curies":[{"name":"wp","href":"https:\/\/api.w.org\/{rel}","templated":true}]}}