{"id":9361,"date":"2026-03-06T13:29:03","date_gmt":"2026-03-06T12:29:03","guid":{"rendered":"https:\/\/www.dm-boutique.fr\/?post_type=product&#038;p=9361"},"modified":"2026-03-06T13:29:03","modified_gmt":"2026-03-06T12:29:03","slug":"kit-rechaud-tac-boil-1-l","status":"publish","type":"product","link":"https:\/\/www.dm-boutique.fr\/?product=kit-rechaud-tac-boil-1-l","title":{"rendered":"Kit r\u00e9chaud TAC-BOIL 1 L"},"content":{"rendered":"<div id=\"description\" class=\"product-description\">\n<div class=\"title\">DESCRIPTION DU PRODUIT<\/div>\n<div class=\"content std\">La gamme TAC-BOIL, d\u00e9velopp\u00e9e par A10 EQUIPMENT\u00ae, est un ensemble d&rsquo;accessoires de cuisson techniques, compacts, robustes et l\u00e9gers. Elle est id\u00e9ale pour une utilisation lors de vos bivouacs tactiques.<\/p>\n<p>Le kit r\u00e9chaud TAC-BOIL 1 L est compos\u00e9 de 7 \u00e9l\u00e9ments. Il est facile d\u2019utilisation, rapide \u00e0 monter\/d\u00e9monter et con\u00e7u dans des mat\u00e9riaux qui assurent une chauffe rapide et une bonne r\u00e9sistance. Pratique, compact et l\u00e9ger, tous les \u00e9l\u00e9ments s&#8217;embo\u00eetent \u00e0 l&rsquo;int\u00e9rieur du r\u00e9cipient 1 litre pour un encombrement minimal.<\/p>\n<p>Composition du kit :<br \/>\n&#8211; un r\u00e9chaud \u00e0 gaz<br \/>\n&#8211; un tr\u00e9pied stabilisateur repliable pour cartouche \u00e0 gaz<br \/>\n&#8211; un r\u00e9cipient de 1 litre \u00e9quip\u00e9 d&rsquo;une graduation int\u00e9rieure et d&rsquo;une poign\u00e9e pliable<br \/>\n&#8211; une tasse d&rsquo;une capacit\u00e9 de 0,4 litre<br \/>\n&#8211; un couvercle<br \/>\n&#8211; une housse pour cartouche \u00e0 gaz de 100 g<br \/>\n&#8211; un sac de transport avec cordon de serrage<\/p><\/div>\n<\/div>\n<div id=\"fiche-technique\" class=\"product-description\">\n<div class=\"title\">FICHE TECHNIQUE<\/div>\n<div class=\"content std\">TECHNICIT\u00c9 :<br \/>\n&#8211; syst\u00e8me d&rsquo;allumage : pi\u00e9zo\u00e9lectrique<br \/>\n&#8211; type de combustible : gaz butane \/ propane<br \/>\n&#8211; type de cartouche : cartouche de gaz butane \/ propane \u00e0 valve filet\u00e9e et conforme \u00e0 la norme EN 417<br \/>\n&#8211; puissance : 100 g\/h &#8211; 1400 W<br \/>\n&#8211; autonomie : avec une cartouche de gaz de 100 g = 60 min, 230 g = 138 min, 450 g = 270 min<br \/>\n&#8211; temps pour 1 litre port\u00e9 \u00e0 \u00e9bullition : environ 3 min<br \/>\n&#8211; valve de r\u00e9glage de la flamme<br \/>\n&#8211; cartouche de gaz non incluse<br \/>\n&#8211; usage ext\u00e9rieur uniquement<br \/>\n&#8211; lire les instructions avant d&rsquo;utiliser l&rsquo;appareil<br \/>\n&#8211; conforme \u00e0 la norme CE et \u00e0 la norme alimentaire<\/p>\n<p>ERGONOMIE :<br \/>\nsac de rangement avec cordon de serrage inclus<\/p>\n<p>COMPOSITION :<br \/>\n&#8211; r\u00e9chaud : acier inoxydable, ABS<br \/>\n&#8211; tr\u00e9pied : polycarbonate<br \/>\n&#8211; r\u00e9cipient : aluminium<br \/>\n&#8211; tasse : polypropyl\u00e8ne (PP)<br \/>\n&#8211; couvercle : polypropyl\u00e8ne (PP)<br \/>\n&#8211; housse pour cartouche \u00e0 gaz : polyester<br \/>\n&#8211; sac de rangement : polyester<\/p>\n<p>COLORIS : vert olive<\/p>\n<p>DIMENSIONS :<br \/>\n&#8211; d\u00e9pli\u00e9 : \u00d8 12,8 x H. 23,2 cm<br \/>\n&#8211; pli\u00e9 : \u00d8 12,8 x H. 17,3 cm<\/p>\n<p>POIDS : 565 g (sans cartouche de gaz)<\/p>\n<p>GARANTIE : 1 an<\/p>\n<p>CONSEILS D&rsquo;ENTRETIEN : nettoyer avec une \u00e9ponge non abrasive ou un chiffon doux ; ne pas mettre au lave-vaisselle<\/p><\/div>\n<\/div>\n","protected":false},"excerpt":{"rendered":"<p>DESCRIPTION DU PRODUIT La gamme TAC-BOIL, d\u00e9velopp\u00e9e par A10 EQUIPMENT\u00ae, est un ensemble d&rsquo;accessoires de cuisson techniques, compacts, robustes et l\u00e9gers. Elle est id\u00e9ale pour une utilisation lors de vos bivouacs tactiques. Le kit r\u00e9chaud TAC-BOIL 1 L est compos\u00e9 de 7 \u00e9l\u00e9ments. Il est facile d\u2019utilisation, rapide \u00e0 monter\/d\u00e9monter et con\u00e7u dans des mat\u00e9riaux [&hellip;]<\/p>\n","protected":false},"featured_media":9362,"template":"","meta":[],"product_brand":[],"product_cat":[204],"product_tag":[],"class_list":{"0":"post-9361","1":"product","2":"type-product","3":"status-publish","4":"has-post-thumbnail","6":"product_cat-accessoires","8":"first","9":"instock","10":"taxable","11":"shipping-taxable","12":"purchasable","13":"product-type-simple"},"_links":{"self":[{"href":"https:\/\/www.dm-boutique.fr\/index.php?rest_route=\/wp\/v2\/product\/9361","targetHints":{"allow":["GET"]}}],"collection":[{"href":"https:\/\/www.dm-boutique.fr\/index.php?rest_route=\/wp\/v2\/product"}],"about":[{"href":"https:\/\/www.dm-boutique.fr\/index.php?rest_route=\/wp\/v2\/types\/product"}],"version-history":[{"count":1,"href":"https:\/\/www.dm-boutique.fr\/index.php?rest_route=\/wp\/v2\/product\/9361\/revisions"}],"predecessor-version":[{"id":9366,"href":"https:\/\/www.dm-boutique.fr\/index.php?rest_route=\/wp\/v2\/product\/9361\/revisions\/9366"}],"wp:featuredmedia":[{"embeddable":true,"href":"https:\/\/www.dm-boutique.fr\/index.php?rest_route=\/wp\/v2\/media\/9362"}],"wp:attachment":[{"href":"https:\/\/www.dm-boutique.fr\/index.php?rest_route=%2Fwp%2Fv2%2Fmedia&parent=9361"}],"wp:term":[{"taxonomy":"product_brand","embeddable":true,"href":"https:\/\/www.dm-boutique.fr\/index.php?rest_route=%2Fwp%2Fv2%2Fproduct_brand&post=9361"},{"taxonomy":"product_cat","embeddable":true,"href":"https:\/\/www.dm-boutique.fr\/index.php?rest_route=%2Fwp%2Fv2%2Fproduct_cat&post=9361"},{"taxonomy":"product_tag","embeddable":true,"href":"https:\/\/www.dm-boutique.fr\/index.php?rest_route=%2Fwp%2Fv2%2Fproduct_tag&post=9361"}],"curies":[{"name":"wp","href":"https:\/\/api.w.org\/{rel}","templated":true}]}}